nd s?
5
Let c = 7 - 2. Let o(s) = 11*s + 1. Let f be o(4). Calculate the highest common factor of c and f.
5
Let s(p) = p**2 + 9*p + 11. Suppose 5*x - 24 = 8*x. Let u be s(x). Suppose -81 + 291 = u*l. What is the highest common divisor of l and 10?
10
Suppose -2*b + 1 = -11. Suppose -5*z = -3*r + 147, -r + 4*z = 5*z - 57. What is the greatest common factor of r and b?
6
Let w be 2*(1 + (-2)/4). Let z(i) = 15*i**3 - i**2 + 2*i - 1. Let t be z(w). What is the highest common factor of t and 5?
5
Let o(r) = 9*r + 1. Let m be o(5). Suppose b = -u - 2*u + m, -2*u - 4*b + 44 = 0. Suppose 6*g = g + 35. Calculate the greatest common divisor of g and u.
7
Let k(m) = -m**2 - 20*m - 30. Let i be k(-17). Calculate the highest common divisor of 7 and i.
7
Let h(y) = 2*y - 4. Let p be ((-6)/5)/((-27)/180). Let o be h(p). Suppose -3 - 27 = -r. Calculate the highest common divisor of r and o.
6
Let f = -30 - -18. Let k be f + 15 + 0 + 3. What is the highest common divisor of 9 and k?
3
Let m be (136/12)/((-1)/(-3)). Let w = m + -18. What is the highest common factor of 64 and w?
16
Let t(s) = s**3 - 6*s**2 + 7*s - 8. Let d(h) = 3*h - 3. Let p be d(3). Let w be t(p). Let o = w - 19. Calculate the highest common divisor of 15 and o.
15
Let z be -12 + 10 - -3*1. What is the highest common factor of z and 4?
1
Let j = -33 - -48. Let i = j + -7. Suppose 5*c + 7*p - 4*p = 100, -2*c - 3*p + 40 = 0. What is the highest common divisor of c and i?
4
Let m be (0 - 4) + 26 - 2. Calculate the highest common divisor of m and 80.
20
Suppose l = -2*i + 4*i - 3, -2*i - 5*l + 9 = 0. Suppose i*h - 303 = -3*v, h + 215 = -5*v + 713. Calculate the greatest common factor of v and 11.
11
Suppose v - 18 = 2*d, -5*v + 0*v - 2*d = -114. Suppose 0*l - v = -2*l - t, 5*t - 20 = 0. What is the highest common factor of l and 6?
3
Let o be (3/12)/(1/68). Calculate the greatest common factor of o and 51.
17
Let x be 4/6*(-39)/(-2). Calculate the greatest common divisor of x and 143.
13
Let a = -2 + 4. Suppose -o + a*o = 88. Calculate the greatest common factor of 8 and o.
8
Let w be (-5 - -1) + (-46)/2. Let q = 57 + w. Calculate the greatest common factor of 20 and q.
10
Let c(z) = z**3 + 12*z**2 - 4*z - 14. Let u be c(-12). Calculate the highest common divisor of 51 and u.
17
Suppose -4*h + 52 = -76. Calculate the highest common factor of 32 and h.
32
Let m(i) = 3*i - 2. Let p be m(-4). Let l be 6/21 + (-66)/p. Calculate the highest common factor of l and 10.
5
Suppose -10*u = -8*u + 102. Let q = -6 - u. Calculate the highest common divisor of 5 and q.
5
Let z(f) = 26*f + 2 + 0*f**2 + 7 - 5*f - 2*f**2. Let o be z(9). Suppose -2*d + 24 = -d. What is the greatest common divisor of d and o?
12
Let k(p) = -p + 41. Let w be k(17). Calculate the highest common factor of w and 6.
6
Let s(j) = 3*j. Let z be s(3). Let r be 1/(-4) + (10 - 243/36). Calculate the greatest common factor of r and z.
3
Suppose 9*d = 13*d - 32. Calculate the greatest common divisor of 8 and d.
8
Let a = 708 - 991. Let i be 5/((-10)/(-6)) - a. Let k(s) = -4*s + 2. Let b be k(-6). What is the greatest common divisor of b and i?
26
Let r be 19052/66 + -2*(-2)/(-6). Calculate the highest common divisor of r and 18.
18
Suppose -n + 4*n = 408. Suppose -2 = -2*o, -5*o = q - 0*q - 22. Calculate the greatest common factor of q and n.
17
Let q(h) = -h**3 + 6*h**2 + 6*h + 10. Let u be q(7). Suppose 0*x = u*x - 129. Let f = -23 + x. Calculate the highest common factor of f and 140.
20
Suppose 3*n = 4*r - n - 40, -5*r + 3*n + 40 = 0. Suppose 0 = 5*z + r*i - 55, 6*z + 4*i - 16 = 4*z. Calculate the greatest common divisor of z and 84.
14
Suppose -a - 2*a = -21. Calculate the greatest common factor of 49 and a.
7
Let m(a) = -a + 1. Let q(n) = 6. Let v be (-6)/4*(3 + 1). Let k(s) = v*m(s) + q(s). Let u be k(4). Calculate the greatest common factor of 6 and u.
6
Let d(v) = -v. Let w be d(4). Let x = w + 6. Suppose 0 = -2*u - x*u + 260. Calculate the greatest common factor of u and 26.
13
Let t be (-1568)/(-21) + (-4)/6. Calculate the highest common factor of 37 and t.
37
Let r(m) = -2*m + 3. Let f be r(2). Let w = 3 - f. Suppose 0 = 3*p - w*p + 4. What is the greatest common factor of 20 and p?
4
Let t = 18 + -13. Suppose 0 = r - 5*x - 45, r + 2*x - 24 = 21. Calculate the highest common factor of t and r.
5
Let u(j) = 3*j**2 - 6*j + 2. Let a be 190/45 - (-4)/(-18). Let z be u(a). Calculate the greatest common divisor of z and 39.
13
Let s = -31 - -37. Suppose d + 4 = 16. What is the greatest common factor of d and s?
6
Let p(j) = -j**3 + 11*j**2 - 8*j + 5. Let s be p(10). Suppose -4*c - c = -s. Calculate the highest common factor of 55 and c.
5
Let l(f) = f + 3. Let a be l(0). Suppose s + 2 = -u - a*s, 3*s = 2*u + 59. Let z = 58 + u. Calculate the greatest common factor of z and 90.
18
Let g(v) = 2*v**2 + 6*v + 9. Let p be g(-6). What is the highest common divisor of 9 and p?
9
Let n be (-2 - -1)/(23/(-460)). Calculate the highest common divisor of n and 5.
5
Let f = 2 + 1. Suppose 0 = -a - f*j + 1, -2*a + 7*a + 2*j - 44 = 0. Let s be (-4)/(8/6) + 83. Calculate the highest common factor of a and s.
10
Suppose 0*d - 100 = -2*d. Let a = -63 - -88. Calculate the highest common factor of a and d.
25
Let n(m) = -m - 3. Let x be n(-6). Suppose 2*f - 92 = -i, x*i + 6 = -6. Let c = -30 + f. What is the highest common factor of c and 126?
18
Suppose 3*a - 8*a = -5*y + 95, -3*y = 5*a - 33. Calculate the greatest common divisor of y and 176.
16
Let w(r) = -r**3 + 8*r**2 + r - 4. Let j be w(8). Let q be 2/j*30/1. Suppose -3*o = -q, -x - 5 - 1 = -2*o. What is the greatest common divisor of x and 36?
4
Let r = 8 + -11. Let b be r + 4 - 9*-11. Calculate the highest common factor of b and 40.
20
Suppose z + 4*z = 50. Suppose 7*o = x + 4*o, -4*x + z = -2*o. What is the greatest common factor of x and 27?
3
Suppose 0 = 5*w - 4*w - 54. Calculate the greatest common factor of w and 36.
18
Suppose 0 = -c + 150 - 10. What is the greatest common divisor of 28 and c?
28
Let b = 121 + -105. Calculate the greatest common divisor of b and 176.
16
Let p = -3 - -5. Suppose p*r - 52 = u - 5*u, 26 = 2*u - 5*r. Let x(z) = -8*z + 9. Let s be x(-7). Calculate the highest common divisor of s and u.
13
Let d(b) = -b**2 + 6*b + 7. Let w be d(7). Let y = 6 - w. Suppose -3*x - y = -30. Calculate the highest common divisor of x and 88.
8
Let n(i) = -4*i - 7. Let a be n(-4). What is the greatest common factor of 36 and a?
9
Suppose 5*b - 2*b = 132. Suppose -4*x + 0 = -b. Calculate the greatest common factor of x and 1.
1
Suppose -5*p + 29 = -k, 2*p + 3*p = -2*k + 17. Let m(h) = -5 + 3 - h**3 + p*h - h**2 - 2*h. Let r be m(-4). Calculate the greatest common divisor of r and 51.
17
Let m = -71 + 95. Calculate the highest common divisor of m and 96.
24
Let z = 143 + -91. Calculate the highest common divisor of z and 13.
13
Suppose 5*m - 21 = -o - 2*o, -3*m + 3 = -3*o. Suppose m*g - 9 = 5*r, -5*g + 2*r - 5*r + 15 = 0. Calculate the highest common divisor of 1 and g.
1
Let i be -3 + (-2)/(-1) + 5. Let j be 10*2/(i + 0). Let q be -1 + 0 - 1*-2. Calculate the greatest common factor of j and q.
1
Suppose -2*p = 3*p - 15. Suppose -56 = -7*m + p*m. What is the greatest common factor of 35 and m?
7
Let t(u) = -6*u + 5. Let i(f) = -f - 1. Let s(r) = i(r) - t(r). Let d be s(4). Let j = 2 - 0. Calculate the greatest common divisor of d and j.
2
Let x be 3/(-18)*14*-93. What is the highest common factor of 31 and x?
31
Let t(l) = -l**2 + 6*l - 3. Let r be t(4). Let o(w) = 2*w**3 - 7*w**2 + 2*w - 5. Let k be o(r). What is the greatest common divisor of 10 and k?
10
Suppose 2*c = 252 + 18. What is the greatest common divisor of c and 90?
45
Suppose -8*u = -6*u - 44. Calculate the highest common divisor of 176 and u.
22
Suppose 9*i - 4*i - 347 = -b, -4*i + 8 = 0. Suppose -4*m + b = -43. What is the greatest common divisor of 38 and m?
19
Suppose 7*g = -3*g + 80. What is the highest common divisor of 2 and g?
2
Let u(k) = -k**3 + 2*k + 2. Let l be u(0). Calculate the greatest common factor of l and 2.
2
Let y be 5 + (3 - (2 + 0)). Let j = -99 + 117. What is the greatest common divisor of y and j?
6
Suppose 0 = -4*l - 1 - 3, 2*l - 2194 = 2*v. Let b be v/(-11) + (-6)/(-33). What is the highest comm